
9
What is the tens digit of 10407830?
3
What is the ten thousands digit of 3956432?
5
What is the thousands digit of 1847239?
7
What is the units digit of 504351?
1
What is the hundreds digit of 821299?
2
What is the units digit of 3808582?
2
What is the hundreds digit of 990397?
3
What is the hundreds digit of 260611?
6
What is the units digit of 9180934?
4
What is the hundreds digit of 271082?
0
What is the hundreds digit of 235475?
4
What is the thousands digit of 9916584?
6
What is the hundred thousands digit of 199557?
1
What is the tens digit of 182188?
8
What is the millions digit of 3025047?
3
What is the ten thousands digit of 2590227?
9
What is the thousands digit of 4896461?
6
What is the thousands digit of 528858?
8
What is the ten thousands digit of 13630145?
3
What is the ten thousands digit of 12168?
1
What is the tens digit of 20800894?
9
What is the units digit of 11741750?
0
What is the thousands digit of 6285121?
5
What is the units digit of 692294?
4
What is the millions digit of 2462780?
2
What is the hundreds digit of 708733?
7
What is the units digit of 5161381?
1
What is the ten thousands digit of 41331?
4
What is the thousands digit of 139325?
9
What is the thousands digit of 1267893?
7
What is the ten thousands digit of 903894?
0
What is the units digit of 921257?
7
What is the hundred thousands digit of 248363?
2
What is the millions digit of 1086208?
1
What is the tens digit of 3649609?
0
What is the tens digit of 3489143?
4
What is the hundred thousands digit of 5686318?
6
What is the thousands digit of 23002691?
2
What is the thousands digit of 172229?
2
What is the hundred thousands digit of 1346598?
3
What is the ten thousands digit of 590464?
9
What is the units digit of 468148?
8
What is the thousands digit of 4822634?
2
What is the ten thousands digit of 559415?
5
What is the ten thousands digit of 779355?
7
What is the thousands digit of 374402?
4
What is the ten thousands digit of 3671125?
7
What is the hundred thousands digit of 347892?
3
What is the hundreds digit of 82796?
7
What is the hundreds digit of 416531?
5
What is the ten thousands digit of 203975?
0
What is the hundred thousands digit of 228651?
2
What is the units digit of 237300?
0
What is the tens digit of 1982739?
3
What is the ten thousands digit of 1419359?
1
What is the ten thousands digit of 738704?
3
What is the thousands digit of 220728?
0
What is the millions digit of 13395771?
3
What is the hundreds digit of 1977816?
8
What is the hundreds digit of 24833025?
0
What is the hundreds digit of 185138?
1
What is the units digit of 500586?
6
What is the thousands digit of 3506278?
6
What is the units digit of 222795?
5
What is the units digit of 520973?
3
What is the units digit of 13314380?
0
What is the thousands digit of 169260?
9
What is the units digit of 701894?
4
What is the units digit of 52958?
8
What is the thousands digit of 410575?
0
What is the hundreds digit of 18634141?
1
What is the units digit of 106652?
2
What is the units digit of 146742?
2
What is the hundred thousands digit of 192907?
1
What is the thousands digit of 208678?
8
What is the hundreds digit of 443017?
0
What is the ten thousands digit of 1035764?
3
What is the units digit of 607397?
7
What is the millions digit of 1968181?
1
What is the ten thousands digit of 310960?
1
What is the tens digit of 69439?
3
What is the tens digit of 310428?
2
What is the tens digit of 613268?
6
What is the units digit of 371597?
7
What is the hundred thousands digit of 1083600?
0
What is the thousands digit of 23779090?
9
What is the ten thousands digit of 585250?
8
What is the units digit of 278267?
7
What is the ten thousands digit of 753228?
5
What is the thousands digit of 930655?
0
What is the thousands digit of 32367?
2
What is the hundreds digit of 201996?
9
What is the tens digit of 24209?
0
What is the hundred thousands digit of 7898729?
8
What is the ten thousands digit of 530577?
3
What is the hundreds digit of 12115402?
4
What is the hundreds digit of 1763289?
2
What is the tens digit of 482574?
7
What is the thousands digit of 145971?
5
What is the hundred thousands digit of 122669?
1
What is the hundreds digit of 774711?
7
What is the thousands digit of 955813?
5
What is the units digit of 531207?
7
What is the millions digit of 6350515?
6
What is the tens digit of 23256?
5
What is the hundreds digit of 659753?
7
What is the ten thousands digit of 417031?
1
What is the units digit of 816380?
0
What is the tens digit of 537247?
4
What is the thousands digit of 69112?
9
What is the hundred thousands digit of 659977?
6
What is the hundreds digit of 7235586?
5
What is the millions digit of 2465525?
2
What is the millions digit of 3130210?
3
What is the hundreds digit of 16849?
8
What is the hundreds digit of 1039547?
5
What is the tens digit of 7247209?
0
What is the hundreds digit of 6911935?
9
What is the hundreds digit of 8221867?
8
What is the millions digit of 1115009?
1
What is the tens digit of 1235795?
9
What is the hundred thousands digit of 230535?
2
What is the thousands digit of 3679110?
9
What is the ten thousands digit of 2995126?
9
What is the ten thousands digit of 1794995?
9
What is the thousands digit of 1447630?
7
What is the units digit of 649432?
2
What is the hundreds digit of 579114?
1
What is the ten thousands digit of 473120?
7
What is the hundreds digit of 387081?
0
What is the hundred thousands digit of 9855586?
8
What is the hundreds digit of 2946667?
6
What is the tens digit of 6577814?
1
What is the units digit of 2047418?
8
What is the millions digit of 2540412?
2
What is the thousands digit of 103191?
3
What is the ten millions digit of 21506304?
2
What is the hundred thousands digit of 15011112?
0
What is the units digit of 1010143?
3
What is the thousands digit of 4465095?
5
What is the millions digit of 12088884?
2
What is the hundreds digit of 1261905?
9
What is the ten thousands digit of 95460?
9
What is the ten thousands digit of 9824666?
2
What is the millions digit of 1022259?
1
What is the thousands digit of 112530?
2
What is the ten thousands digit of 327499?
2
What is the hundred thousands digit of 408221?
4
What is the hundreds digit of 23140392?
3
What is the ten thousands digit of 9307414?
0
What is the hundreds digit of 469995?
9
What is the units digit of 5443678?
8
What is the hundred thousands digit of 1571352?
5
What is the thousands digit of 9468170?
8
What is the ten millions digit of 13185182?
1
What is the thousands digit of 4523264?
3
What is the millions digit of 2221343?
2
What is the hundreds digit of 165462?
4
What is the tens digit of 545839?
3
What is the units digit of 21971611?
1
What is the hundred thousands digit of 21602587?
6
What is the thousands digit of 360046?
0
What is the units digit of 1108718?
8
What is the tens digit of 216367?
6
What is the tens digit of 615766?
6
What is the ten thousands digit of 522747?
2
What is the hundreds digit of 4759010?
0
What is the tens digit of 339270?
7
What is the hundreds digit of 2227297?
2
What is the ten thousands digit of 395820?
9
What is the thousands digit of 542358?
2
What is the tens digit of 3411022?
2
What is the millions digit of 1457061?
1
What is the hundred thousands digit of 1828876?
8
What is the tens digit of 959464?
6
What is the thousands digit of 258082?
8
What is the hundred thousands digit of 1204868?
2
What is the ten thousands digit of 222700?
2
What is the hundreds digit of 659041?
0
What is the ten thousands digit of 163012?
6
What is the hundred thousands digit of 1563624?
5
What is the thousands digit of 318670?
8
What is the units digit of 3949195?
5
What is the thousands digit of 18274193?
4
What is the ten thousands digit of 114661?
1
What is the ten thousands digit of 6307376?
0
What is the thousands digit of 5105299?
5
What is the tens digit of 216056?
5
What is the ten thousands digit of 1632402?
3
What is the hundred thousands digit of 6237146?
2
What is the hundreds digit of 667188?
1
What is the hundreds digit of 3472734?
7
What is the tens digit of 879478?
7
What is the hundred thousands digit of 316418?
3
What is the millions digit of 7693031?
7
What is the thousands digit of 8498411?
8
What is the hundred thousa